he prime factors of b(w)?
7
List the prime factors of ((0 - -1)/1)/(70/28840).
2, 103
Suppose -6*t - 2*x + 62 = -4*t, 4*t = 2*x + 124. Suppose 29 = a + h - 4*h, 2*a - 5*h = 56. Let s = t - a. List the prime factors of s.
2
Suppose 4*x = -18 - 2. Let g(d) = -d**3 - 4*d**2 + 3*d + 2. Let u be g(x). Suppose u = -p - 4*f, p + f = -4*f - 16. What are the prime factors of p?
2
Let b = 1746 + 1543. List the prime factors of b.
11, 13, 23
Let r(u) = 57*u**2 - u - 11. List the prime factors of r(4).
3, 13, 23
Let m(v) = -35*v + 20. List the prime factors of m(-12).
2, 5, 11
Let f = 2074 - 1386. List the prime factors of f.
2, 43
Let g(z) = z + 1. Let p be g(1). List the prime factors of (-3)/(-6)*p*9.
3
Let l(h) be the third derivative of 7*h**4/12 - h**3/6 + 39*h**2. Let v be (0 - 2)/(-1) + 0. What are the prime factors of l(v)?
3
Let a be (3 - 117/6)/((-3)/(-6)). List the prime factors of a/55 - 493/(-5).
2, 7
Suppose -3*t - 2*d + 18 = 0, 5*t = 2*t - 3*d + 15. Suppose -t*q + 26 = -6*q. Suppose -g + q = -18. What are the prime factors of g?
31
Suppose 2*j = -3*u + 7, 6*u = 3*u - 3. Suppose 0 = -j*t + 205 + 365. What are the prime factors of t?
2, 3, 19
Suppose -d = 24 - 71. Suppose 48*f - d*f - 101 = 0. List the prime factors of f.
101
Let y be 16*(-2)/16*-4. Suppose y*b - 13*b + 255 = 0. List the prime factors of b.
3, 17
List the prime factors of (1 - -1) + -642*(-51)/18.
3, 607
Let f(i) = -i**3 + 7*i**2 + 5. Let b be f(7). Suppose t = -b*h + 299, h + t - 181 = -2*h. What are the prime factors of h?
59
Suppose 3*l - 1647 = 3*h + 618, 0 = 4*l + 5*h - 3047. What are the prime factors of l?
2, 379
Let f = 1002 - 506. What are the prime factors of f?
2, 31
Let t = -15 - -17. What are the prime factors of t*(-1)/(-3) + (-3033)/(-27)?
113
Let p = -1173 + 2303. List the prime factors of p.
2, 5, 113
What are the prime factors of 95913/171 - 6/(-57)?
3, 11, 17
Let p = -3554 + 5641. What are the prime factors of p?
2087
Suppose 3*l = -2*w + 1 + 3, 5*w = -20. Suppose 10 = -r - 4*h, 3*h + h + l = -4*r. List the prime factors of -5*r*4/(-8).
5
Let f(t) = -2*t**3 + 2*t**2 + 25. List the prime factors of f(-8).
11, 107
Let j(q) = 402*q**2 - 4*q + 3. Let h be j(1). Suppose 4*a - h = -69. What are the prime factors of a?
83
Let z = -49 - -15. Let y = -21 - z. Suppose 5*h + 30 = 5*f, 5*f - h - y = 33. What are the prime factors of f?
2, 5
Suppose 14*d + 13 = 41. Suppose -2*x - d*z = 3*z - 230, 5*x = -4*z + 592. List the prime factors of x.
2, 3, 5
Let k = 3154 - 2233. List the prime factors of k.
3, 307
Let f(l) = -25*l - 5. What are the prime factors of f(-41)?
2, 3, 5, 17
Suppose 3*h = -2*y + 23, 3*y + 3*h - 17 = 25. Let g = 17 + y. List the prime factors of g.
2, 3
List the prime factors of 323/(-3)*((-24)/(-6) - 7).
17, 19
Suppose -64 = -3*c + 7*c. Let r be c/10*25/10. List the prime factors of (-15)/(-1 - 1/r).
2, 5
Let g be -2 - (-312)/(-1 - -5). Suppose -h + 6 = -0*h. Suppose 4*l = h*l - g. List the prime factors of l.
2, 19
Let g = 1238 + -759. Let q = g + -337. List the prime factors of q.
2, 71
Let s(k) be the third derivative of -k**6/40 - 11*k**5/60 - k**4/8 + 2*k**3 - 18*k**2. List the prime factors of s(-5).
127
Let y be -1*(-12 + -4 + 5). Let a = y - 20. Let q = a + 40. List the prime factors of q.
31
Let i(x) = 4*x**2 + 37*x - 461. What are the prime factors of i(26)?
5, 641
Let d(h) = -h**2 + 12*h - 12. Let i be d(8). Suppose -i = 3*g - 8*g. Suppose -n + 13 = g. List the prime factors of n.
3
Let n(t) = -t**3 + 7*t**2 - t - 15. What are the prime factors of n(-7)?
2, 3, 113
Let p = 23 - 19. Let v = 38 - p. List the prime factors of v.
2, 17
Suppose -456 = -9*g + 7*g. List the prime factors of g.
2, 3, 19
Suppose 10*m = 7*m + 267. Suppose -q - m = -2*q. List the prime factors of q.
89
List the prime factors of (21/(-3))/((-14)/5418).
3, 7, 43
Let m be (0 - (6 - 1))*2. Let v = m + 12. List the prime factors of -6*v/(-15)*50.
2, 5
Suppose -j = -3 + 2, j + 97 = f. Let r = 149 - f. What are the prime factors of r?
3, 17
Let p(a) = 8*a - 10. Suppose -5*o + 4 = -11. List the prime factors of p(o).
2, 7
Let h = -5 - -266. Let j = h + -172. List the prime factors of j.
89
Let x = -911 - -906. Let m(h) be the first derivative of -3*h**2/2 + 8*h - 1. List the prime factors of m(x).
23
Suppose 117*t = 120*t - 3180. Suppose -3*j + t = 7*j. What are the prime factors of j?
2, 53
Suppose -5*a = -k - 2572, 3 = -2*a - 1. List the prime factors of 21/(-56) + k/(-16).
7, 23
Suppose 0 = b + 24 + 19. Let n = b + 104. List the prime factors of n.
61
Let n be (3 + -2)/((-3)/(-27)). Let i(u) = u**3 - 10*u**2 + 8*u + 9. Let m be i(n). Suppose m*a + 12 = c + a, 0 = -2*c - 4*a + 28. List the prime factors of c.
2, 5
Let l(f) = -f**3 + 10*f**2 + 13*f - 18. Suppose -4*u + 26 = 3*j - 11, 17 = 2*u + 3*j. What are the prime factors of l(u)?
2, 7
Let f be (0 - 4)/((-1)/12). Suppose -z - 2 + f = 0. Let m = z + -25. What are the prime factors of m?
3, 7
Suppose -j = 3*p - 23, -2*j = 3*p - 26 - 2. Suppose 4*r + 8 = p*r. What are the prime factors of r?
2
Let j be (42/(-5))/(28/(-770)). Let m = -157 + j. List the prime factors of m.
2, 37
Let l = -129 + 165. List the prime factors of l.
2, 3
Let b = 347 - 8159. Let q be 2/(-11) + b/(-132). Let t = q + -27. List the prime factors of t.
2
Suppose -3 = 3*w - 9. Suppose 0 = -w*b - b - 3. Let o = b - -6. List the prime factors of o.
5
Let m = 49 - 56. Let n(c) = 4*c**2 + 14*c - 10. What are the prime factors of n(m)?
2, 11
Suppose -868 = 21*f - 17*f. Let y = 314 + f. List the prime factors of y.
97
Let d = -1505 + 2273. List the prime factors of d.
2, 3
Suppose 0 = 4*a - 4, -4*l - 97 = 3*a. List the prime factors of (-5 - l/3)/((-2)/(-15)).
5
Suppose -22 = 10*n - 162. Suppose 5*g = n*g - 2565. What are the prime factors of g?
3, 5, 19
Let c = 36 + -24. List the prime factors of (-4)/(-6) - ((-10688)/c)/8.
2, 7
Let v = 66 - 57. Let n(w) = w**3 - 8*w**2 + 4*w - 2. List the prime factors of n(v).
5, 23
Suppose -2*b - 16 = -6*b + 4*l, 0 = -5*b - l - 4. Suppose 2*j + 4*s - 188 = b, -j + s - 297 = -4*j. List the prime factors of j.
2, 5
Let m(g) = 4*g**2 + 3*g - 6. Let o be m(4). Suppose 4*w + 189 = 31*w. Let j = o - w. List the prime factors of j.
3, 7
Let s = -1100 - -2557. List the prime factors of s.
31, 47
Suppose 2*a + 3*q - 18 = -2*q, 4*a + 5*q - 26 = 0. Let n = 38 + -35. Suppose -n*b - a*p + 234 = 56, -b + 3*p + 55 = 0. What are the prime factors of b?
2, 29
Suppose 5*i - 4*w - 5661 = -251, -2*i + 4*w = -2176. What are the prime factors of i?
2, 7, 11
Suppose 0 = -4*o + s + 3072, 9*o - 3840 = 4*o + 3*s. List the prime factors of o.
2, 3
Let h(c) = 2*c**2 - 3*c - 3. Let o(f) = -f**2 - 6*f + 9. Let a be o(-7). Let z be a/(-5) + 26/(-10). List the prime factors of h(z).
2, 3
Suppose 5*a + 38 = -3*b, 3 + 23 = -3*b - 2*a. Let f be 34/(-5 - b/2). Let c = 33 + f. What are the prime factors of c?
2
What are the prime factors of 4/2 + (-964)/(2*-1)?
2, 11
Let r(q) = -q - 1. Let g be r(2). Let t be 26 + (g + 4)*2. Suppose -n + 17 = -t. List the prime factors of n.
3, 5
Let z be 70*(4 + (-22)/4). Let n = 189 + z. List the prime factors of n.
2, 3, 7
Suppose -95 = -5*g - 0*g + 5*t, 0 = -t - 4. Suppose 0 = -2*m - 3*m + g. List the prime factors of m.
3
Suppose 0 = 4*k + 16, 5*m - 2*k = 8*m - 3157. What are the prime factors of m?
5, 211
Suppose 3*y - 1 = 2. Suppose 0 = 5*a - y - 59. What are the prime factors of -3 + (a/(-3) - -22)?
3, 5
Suppose 2*q + 18 = 5*q. Let l(m) = -m**2 + 6*m. Let c be l(q). Suppose c = v + 3*v - 56. What are the prime factors of v?
2, 7
Let c = 142 + 11. List the prime factors of c.
3, 17
Suppose -614 = -k + 5*t, 3*k = 2*t - 3*t + 1858. What are the prime factors of k?
619
Suppose -66 - 15 = -3*d. Let o = d - 25. List the prime factors of (-15)/o*360/(-54).
2, 5
Let c = -17 - -31. Suppose 6*v = -0*v + 18. Let u = v + c. What are the prime factors of u?
17
Let z(w) = 169*w**2 - w. Let u be z(1). Suppose a + a = 0, u = 2*r - 5*a. What are the prime factors of r?
2, 3, 7
List the prime factors of (-12)/(-8)*(-72378)/(-27).
4021
Let s(c) = -34*c**2 - 19*c. Let n be s(-6). List the prime factors of (-5 + n)/(-5) + 4.
227
Let v(r) = r**3 + 10*r**2 - 14*r - 31. Let t be v(-9). Suppose -85*b + 83*b = -t. List the prime factors o